 u**2 - 3*u + 7. What is the tens digit of g(-3)?
9
Suppose -9*u - 67 = -10*u. What is the units digit of u?
7
What is the units digit of (-20 - -13)*264/(-14)?
2
Let y(v) = 4*v**2 + 5*v + 7. What is the units digit of y(-3)?
8
Suppose 4*j + g - 160 = 36, 4*j - g = 204. What is the units digit of j?
0
What is the units digit of 62/8 + 4/16?
8
Let q(k) = 5*k. Let g(z) = 2*z - 1. Let s be g(1). Let m be q(s). Suppose -m*w + 10 = 2*d, -4*w = 4*d - 0*w - 20. What is the units digit of d?
5
Let x = 34 - 24. What is the tens digit of x?
1
Suppose -l - 2*r = 2*l - 205, -2*r - 347 = -5*l. What is the units digit of l?
9
What is the units digit of 30/(-5)*41/(-2)?
3
Let u(g) be the second derivative of -g**5/20 + g**3/6 + g**2/2 - g. Let f(d) = d - 6. Let a be f(4). What is the units digit of u(a)?
7
Suppose -a = -3*a + 58. Suppose h = -3*t + a, h - 4*t - 16 - 20 = 0. What is the units digit of 7/(14/h) - -3?
9
Let w be (-6)/7*(16 - 9). Let v be (3/w)/(1/(-86)). Let l = 63 - v. What is the units digit of l?
0
Let g(n) = 2*n**2 + 5*n + 6. What is the units digit of g(-5)?
1
Suppose 12 = i + 4*z, 0 = -i + 4*z - 2 + 6. Let s(c) = 4*c - 9. What is the units digit of s(i)?
3
Let k(z) = z**2 - 5*z - 2. Let d be k(5). Let l be (-2)/2*-1*2. What is the units digit of l*(d - -3) - -4?
6
Let i(z) = z**2 - 3*z + 3. Let v be i(3). Let f be (0 + 7)*(-6)/(-21). Suppose 0*a = -v*a + f*t + 13, -3*a - 2*t = -5. What is the units digit of a?
3
Let o = 1 + -2. What is the units digit of (27 - -8) + 2*o?
3
Let a be (-4)/(-6) - (-4)/(-6). Let j(q) = -q + 15. What is the units digit of j(a)?
5
Suppose -3*k = 4*b - 640, b = 3*k - 927 + 277. What is the units digit of k?
6
Let k = -8 + 31. Suppose -4*n - 18 = 38. Let a = k + n. What is the units digit of a?
9
Suppose 0 = 2*a + 2*a - 100. What is the units digit of a?
5
Let u = 10 + 5. Let x = -3 + u. What is the tens digit of x?
1
Suppose -2 = -u - 0. Suppose -2*n = u*n - 12. What is the units digit of ((-2)/n)/(4/(-30))?
5
Let y be 57/(-2)*-2*1. Suppose -3*q = 3*a - y, 21 = 2*a - 2*q - 1. What is the tens digit of a?
1
Let s(r) = r - 1. Let o(g) = -6*g + 8. Let f(w) = o(w) + 3*s(w). What is the tens digit of f(-6)?
2
Let s = -1 + 22. What is the units digit of s?
1
Suppose 3*g = 4*g + 29. Let t = g - -47. Let n = 29 - t. What is the tens digit of n?
1
Suppose 8*f = 346 + 22. What is the tens digit of f?
4
Suppose -2*x + 5*i + 85 = 0, -4*x + 2*x = 5*i - 35. What is the tens digit of (-12)/x - (-67)/5?
1
Let o(c) = -c**2 - 10*c - 10. Let z be o(-9). Let k = z + 6. What is the units digit of k?
5
Let f = 546 - 318. What is the hundreds digit of f?
2
Let v = -3 + 26. Suppose h = -4, l - h - v = 3*h. What is the units digit of l?
7
Let l(r) = r**2 + 16*r + 7. Let o be l(-9). Suppose 0 = -2*w - 0*w - 30. What is the units digit of w/4*o/21?
0
Let x(c) = -c - 4. Let a be x(-2). What is the units digit of 14/2 + 0 + a?
5
Let g(c) = c**3 - 5*c**2 - 7*c + 9. Let a be g(6). Suppose z - 2*v - 28 = -a*v, 3*z = -2*v + 82. What is the units digit of z?
6
What is the tens digit of (6/(-9))/((-4)/390)?
6
Suppose -2*b + 73 = -s, 5*b - 2*s - 178 = 2*s. What is the tens digit of b?
3
What is the units digit of (228/(-15))/((-8)/20)?
8
Let m be ((-8)/(-20))/(-3 + 31/10). Let j(n) = n + 3*n - 3*n + 1. What is the units digit of j(m)?
5
Suppose -2*f + i = 3*i - 14, 4*i - 19 = -f. Suppose -2*m - 4*b = -8 - 6, 66 = f*m - 3*b. What is the units digit of m?
7
Let x(b) = -5*b**3 - b. Let q be x(-1). Let z = q - -1. What is the units digit of z?
7
Let w(k) = k**3 + 18*k**2 + 57*k - 9. What is the tens digit of w(-13)?
9
Suppose 3 + 2 = 5*d. What is the units digit of d?
1
Let f be 3/15 + (-592)/10. Let c be -2*(f/2 + 3). Let a = c - 38. What is the units digit of a?
5
Suppose 164 = 3*t + 4*j, -3*j + 53 = t - 0*t. What is the units digit of t?
6
Let m(j) = j**3 - 10*j**2 - 13*j + 37. What is the units digit of m(11)?
5
Let b(w) = 61*w**3 - 3*w**2 + 2*w - 1. What is the tens digit of b(1)?
5
Let y be 3*((-88)/(-6))/2. Let b(r) = -r + 4. Let p be b(2). What is the units digit of p/(-4) + y/4?
5
What is the tens digit of 2644/12 + 3/(-9)?
2
Let b(g) = -g**3 - 3*g**2 - 4*g + 1. Let s be -1 + 0 + -3 - -1. What is the units digit of b(s)?
3
Suppose 0 = z + z - 60. What is the units digit of z?
0
Suppose 3*v = 5*v - 116. Let f be v*((-5)/(-2))/5. Let x = 44 - f. What is the units digit of x?
5
What is the tens digit of 2/(-14) + 7452/28?
6
Let u(m) = m**2 + 13*m - 20. What is the units digit of u(-15)?
0
Let k = 37 - -70. What is the hundreds digit of k?
1
What is the tens digit of (-5382)/(-21) + 4/(-14)?
5
Let l(p) = -2*p**2 - 6*p - p**3 + 2*p**2 - 3 + 9*p**2. What is the units digit of l(8)?
3
Let c = 2 + -5. Let x = c + 5. What is the units digit of x?
2
Suppose 40*l - 36*l = 1280. What is the hundreds digit of l?
3
Let r = -35 + 53. Suppose v + v - r = 0. What is the units digit of v?
9
Let j be -7 + 2/(-4)*4. Suppose -5*o + 102 = -4*a, a - 6*a + 5*o - 125 = 0. Let y = j - a. What is the units digit of y?
4
Let m = -10 + 4. Let w = m - -9. What is the units digit of w?
3
What is the tens digit of 14/(-35) - (-122)/5?
2
Let a(d) = d**3 + 5*d**2 + 2*d - 4. Let p be a(-4). Let m = 15 - p. What is the units digit of m?
1
Let f = 10 - 11. Let v(q) = 32*q**2. What is the units digit of v(f)?
2
Suppose 0*o + 4*o = 4. What is the units digit of 1 + 0 + 0 + o?
2
Suppose -s - 4 = -0*s, -24 = -4*g - 2*s. Let i = 11 - -17. Suppose -g*n + i = -4*n. What is the units digit of n?
7
Suppose y - 214 = -5*j, 5*y + 177 = j + 3*j. What is the tens digit of j?
4
Let y = 174 - 117. What is the tens digit of y?
5
Let y be (2 - 60/9)*9. Let o be y/(-10) - (-2)/(-10). Suppose 4*j - 24 = -o*x, -j = j + 5*x - 9. What is the units digit of j?
7
Suppose -j + 41 = 2. What is the tens digit of j?
3
Suppose -6*t = 5*t - 1452. What is the tens digit of t?
3
Suppose -38 = -3*b + 178. What is the units digit of b?
2
Suppose q + 2*q - 5*s - 16 = 0, 4*s + 6 = -q. Let j = 51 + -35. Suppose 0 = q*o + 2*o - j. What is the units digit of o?
4
Let o = 6 - 2. Let b be (-12)/1*o/6. Let j(f) = -2*f - 12. What is the units digit of j(b)?
4
Suppose i = -3 + 20. Let m = i + -11. Suppose -2*y - 44 = -m*y. What is the units digit of y?
1
Let h(m) = -m**3 - 5*m**2 + 6*m + 4. Let j be h(-6). Suppose -j*w + 61 = 5*f - 2, -3*f + 4*w = -25. What is the tens digit of f?
1
Suppose -2*x - 66 - 12 = 0. Let a = x - -60. Suppose 2*l - a = 21. What is the tens digit of l?
2
Let m(y) = 5 - 1 - y**2 + 11*y + 1. Let w be m(9). Suppose -1 = -4*j + w. What is the units digit of j?
6
Suppose 2*d + 3*p - 18 = d, -4*d = -3*p - 57. Suppose 8 = k - d. What is the tens digit of k?
2
Suppose -3*i = -i + 18. Let x = 25 + i. Suppose w = -w + x. What is the units digit of w?
8
What is the units digit of 20/(-7)*(-6 + -1)?
0
Let h = 220 - 130. What is the units digit of h?
0
Let s = -13 + 62. What is the tens digit of s?
4
Let c be 2/3 - 52/(-12). Suppose 4*l - c = 7. What is the units digit of l?
3
Let s be 2 + (5 - (2 + 0)). Let q(y) = y**2 + 2*y. Let k be q(-6). Suppose -k = u - s*u. What is the units digit of u?
6
Suppose 0*f = -4*f - 12. Let u = -1 - f. Suppose -4*d + 7 = -3*r, u*d = -3*d - 4*r + 32. What is the units digit of d?
4
Suppose -4*m - 2 = -2*p, 8 = 3*p + 4*m - 45. Let x = p + -10. What is the units digit of x?
1
Let m be (2 - 4/1) + -49. What is the tens digit of ((-4)/(-12))/((-1)/m)?
1
Suppose 4*c - 202 = 82. What is the tens digit of c?
7
What is the units digit of (3/(-3))/(5/(-55))?
1
Let j = 20 - 4. What is the tens digit of j?
1
Suppose -2*f + j - 5*j + 10 = 0, -40 = -4*f - 3*j. What is the tens digit of f?
1
Let p = 3 + 0. Suppose 6 - p = 3*r. Suppose 0 = 3*z - 28 + r. What is the units digit of z?
9
Let k(p) = 2*p**2 - 2. Let v be k(2). Suppose -2*l = -l - v. Let x(f) = -f**3 + 7*f**2 - 5*f + 5. What is the tens digit of x(l)?
1
Let w(j) = -j**2 - 15*j + 33. What is the tens digit of w(-14)?
4
Let p be 12/1*1/2. Suppose -x = -3*x + p. Suppose x*d - 13 = -1. What is the units digit of d?
4
Suppose 0 = -3*b + 3*z + 483, -4*z = -6*b + b + 809. Suppose s - b = -4*s. What is the tens digit of (-1 + 2)/(3/s)?
1
Suppose 0 = 5*s + 1 - 16. Suppose n - 20 = 4*x, -x - 2 = s. Suppose n = 4*j + h - 19, j - h - 4 = 